{"id":28,"date":"2025-10-15T18:52:40","date_gmt":"2025-10-15T18:52:40","guid":{"rendered":"https:\/\/co2solutiondev.wpenginepowered.com\/?page_id=28"},"modified":"2025-11-05T22:25:24","modified_gmt":"2025-11-05T22:25:24","slug":"home","status":"publish","type":"page","link":"https:\/\/co2-solutions.com\/","title":{"rendered":"Home"},"content":{"rendered":"\n<div class=\"wp-block-genesis-blocks-gb-columns gb-layout-columns-1 one-column gb-has-background-dim gb-has-background-dim-80 gb-background-cover gb-background-no-repeat has-theme-primary-background-color gb-columns-center alignfull\" style=\"padding-top:15%;padding-right:8%;padding-bottom:25%;padding-left:8%;background-image:url(https:\/\/co2-solutions.com\/wp-content\/uploads\/2025\/10\/banner-home1.jpg);background-position:60% 43%\"><div class=\"gb-layout-column-wrap gb-block-layout-column-gap-0 gb-is-responsive-column\" style=\"max-width:1200px\">\n<div class=\"wp-block-genesis-blocks-gb-column gb-block-layout-column\"><div class=\"gb-block-layout-column-inner\">\n<div style=\"color:#ddd\" class=\"wp-block-genesis-blocks-gb-spacer gb-block-spacer gb-divider-solid gb-divider-size-1\"><hr style=\"height:49px\"\/><\/div>\n\n\n<style>@media only screen and (max-width: 600px) {.gb-69d619c9005be{font-size: 26px!important;}}<\/style>\n<h1 class=\"gb-69d619c9005be wp-block-heading has-text-align-left is-style-xl-text has-text-color\" style=\"color:#ffffff;font-size:70px\">Consultor\u00eda especializada en Cambio Clim\u00e1tico y Mercados de Carbono<\/h1>\n<\/div><\/div>\n<\/div><\/div>\n\n\n\n<div class=\"wp-block-genesis-blocks-gb-columns gb-layout-columns-2 gb-2-col-wideleft has-white-background-color gb-columns-center alignfull\" style=\"padding-right:4%;padding-left:4%\"><div class=\"gb-layout-column-wrap gb-block-layout-column-gap-1 gb-is-responsive-column\" style=\"max-width:1240px\">\n<div class=\"wp-block-genesis-blocks-gb-column is-style-offset-up gb-block-layout-column\"><div class=\"gb-block-layout-column-inner has-white-background-color\" style=\"padding:20px\">\n<div class=\"wp-block-genesis-blocks-gb-columns gb-layout-columns-1 one-column has-theme-primary-background-color gb-has-custom-text-color\" style=\"padding-top:4%;padding-right:4%;padding-bottom:4%;padding-left:4%;color:#ffffff\"><div class=\"gb-layout-column-wrap gb-block-layout-column-gap-2 gb-is-responsive-column\">\n<div class=\"wp-block-genesis-blocks-gb-column gb-block-layout-column\"><div class=\"gb-block-layout-column-inner\">\n<h2 class=\"wp-block-heading has-text-align-left small-heading is-style-small-text\"><strong>Nosotros<\/strong><\/h2>\n\n\n\n<p>En CO2 Solutions ofrecemos <strong>soluciones integrales en materia de cambio clim\u00e1tico y mercados de carbono<\/strong>. Nuestra amplia oferta de servicios abarca desde el desarrollo de <strong>proyectos de reducci\u00f3n de emisiones<\/strong> bajo el mecanismo del Art\u00edculo 6.4 de Paris, as\u00ed como est\u00e1ndares como Verra, Gold Standard, ACR, CAR, etc. Tenemos amplia experiencia en el desarrollo de proyectos bajo el Mecanismo de Desarrollo Limpio (MDL). Tambi\u00e9n ofrecemos servicios de <strong>asesoria en mercados de carbono<\/strong> y temas de GEI, desarrollo de proyectos <strong>NEUTRAL CARBON<\/strong>, elaboraci\u00f3n de <strong>inventarios de emisiones<\/strong> y <strong>consultoria estrat\u00e9gica<\/strong> en materia de cambio&nbsp;clim\u00e1tico.<\/p>\n<\/div><\/div>\n<\/div><\/div>\n<\/div><\/div>\n\n\n\n<div class=\"wp-block-genesis-blocks-gb-column is-style-default gb-block-layout-column gb-is-vertically-aligned-top\"><div class=\"gb-block-layout-column-inner\" style=\"margin-top:10px;padding-top:5%;padding-left:3%\">\n<figure class=\"wp-block-image size-full is-style-image-corners\"><img loading=\"lazy\" decoding=\"async\" width=\"807\" height=\"486\" src=\"https:\/\/co2-solutions.com\/wp-content\/uploads\/2025\/10\/home-2-img-l1.png\" alt=\"\" class=\"wp-image-60\" srcset=\"https:\/\/co2-solutions.com\/wp-content\/uploads\/2025\/10\/home-2-img-l1.png 807w, https:\/\/co2-solutions.com\/wp-content\/uploads\/2025\/10\/home-2-img-l1-300x181.png 300w, https:\/\/co2-solutions.com\/wp-content\/uploads\/2025\/10\/home-2-img-l1-768x463.png 768w\" sizes=\"auto, (max-width: 807px) 100vw, 807px\" \/><\/figure>\n\n\n\n<div class=\"wp-block-buttons is-layout-flex wp-block-buttons-is-layout-flex\">\n<div class=\"wp-block-button\"><a class=\"wp-block-button__link wp-element-button\" href=\"https:\/\/co2-solutions.com\/?page_id=32\"><strong>Conoce m\u00e1s<\/strong><\/a><\/div>\n<\/div>\n<\/div><\/div>\n<\/div><\/div>\n\n\n\n<div style=\"color:#ddd\" class=\"wp-block-genesis-blocks-gb-spacer gb-block-spacer gb-divider-solid gb-divider-size-1\"><hr style=\"height:36px\"\/><\/div>\n\n\n\n<div class=\"wp-block-media-text alignfull is-stacked-on-mobile has-background\" style=\"background-color:#ffffff;grid-template-columns:41% auto\"><figure class=\"wp-block-media-text__media\"><img loading=\"lazy\" decoding=\"async\" width=\"935\" height=\"641\" src=\"https:\/\/co2-solutions.com\/wp-content\/uploads\/2025\/10\/oso.png\" alt=\"\" class=\"wp-image-61 size-full\" srcset=\"https:\/\/co2-solutions.com\/wp-content\/uploads\/2025\/10\/oso.png 935w, https:\/\/co2-solutions.com\/wp-content\/uploads\/2025\/10\/oso-300x206.png 300w, https:\/\/co2-solutions.com\/wp-content\/uploads\/2025\/10\/oso-768x527.png 768w\" sizes=\"auto, (max-width: 935px) 100vw, 935px\" \/><\/figure><div class=\"wp-block-media-text__content\">\n<h3 class=\"wp-block-heading\"><strong>Nuestros servicios<\/strong><\/h3>\n\n\n\n<p style=\"font-size:15px\">CO2 Solutions ofrece soluciones integrales en materia de cambio clim\u00e1tico y mercados de carbono:<\/p>\n\n\n\n<ul class=\"wp-block-list\">\n<li style=\"font-size:16px\">Consultor\u00eda estrat\u00e9gica.<\/li>\n\n\n\n<li style=\"font-size:16px\">Desarrollo de proyectos bajo el Art\u00edculo 6.4.<\/li>\n\n\n\n<li style=\"font-size:16px\">Desarrollo de proyectos voluntarios (VCS, Gold Standard, entre otros).<\/li>\n\n\n\n<li style=\"font-size:16px\">Desarrollo de proyectos NEUTRAL CARBON.<\/li>\n\n\n\n<li style=\"font-size:16px\">Desarrollo de acciones nacionales apropiadas de mitigaci\u00f3n (NAMAS).<\/li>\n\n\n\n<li style=\"font-size:16px\">Servicios a empresas en mercados de cap &amp; trade (European Emissions Trading System, California&#8217;s AB 32).<\/li>\n\n\n\n<li style=\"font-size:16px\">Due dilligence y estructuraci\u00f3n financiera basada en carbono.<\/li>\n\n\n\n<li style=\"font-size:16px\">Servicios de carbono integrales para corporaciones y fondos.<\/li>\n\n\n\n<li style=\"font-size:16px\">Elaboraci\u00f3n de inventarios de GEI.<\/li>\n\n\n\n<li style=\"font-size:16px\">Inteligencia y estudios en los mercados de cr\u00e9ditos&nbsp;de&nbsp;carbono.<\/li>\n<\/ul>\n<\/div><\/div>\n\n\n\n<div style=\"color:#ddd\" class=\"wp-block-genesis-blocks-gb-spacer gb-block-spacer gb-divider-solid gb-divider-size-1\"><hr style=\"height:30px\"\/><\/div>\n\n\n\n<div class=\"wp-block-media-text alignfull has-media-on-the-right is-stacked-on-mobile is-image-fill-element has-background\" style=\"background-color:#ffffff;grid-template-columns:auto 37%\"><div class=\"wp-block-media-text__content\">\n<h3 class=\"wp-block-heading\"><strong>Nuestra experiencia<\/strong><\/h3>\n\n\n\n<p class=\"margin-top-half\" style=\"font-size:17px;line-height:1.65\">CO2 Solutions opera en los mercados de carbono desde 1998, siendo por ello una de las empresas pioneras en esta materia, habiendo desarrollado proyectos en Argentina, Brasil, Bulgaria, Chile, Colombia, Costa Rica, Ecuador, Egipto, El Salvador, Espa\u00f1a, Estados Unidos, Filipinas, Guatemala, Inglaterra, India, Marruecos, M\u00e9xico, Montenegro, Nicaragua, Panam\u00e1, Per\u00fa, Rep\u00fablica Dominicana, Suiza, entre otros.<\/p>\n\n\n\n<p>CO2 Solutions presta servicios integrales de carbono a numerosas corporaciones, bancos, desarrolladores y fondos; a quienes apoya desde la conceptualizaci\u00f3n del proyecto hasta la expedici\u00f3n de los cr\u00e9ditos de carbono.<\/p>\n\n\n\n<p class=\"margin-top-half\" style=\"font-size:17px;line-height:1.65\">CO2 Solutions a cierre de 2023 gestiona una cartera de m\u00e1s de 100 proyectos alrededor del mundo, en los cuales presta un servicio global que se adapta a las necesidades del cliente, lo que permite potencializar sus proyectos y mantener unos costos de gesti\u00f3n \u00f3ptimos a trav\u00e9s del outsourcing integral de la gesti\u00f3n&nbsp;del&nbsp;carbono.<\/p>\n<\/div><figure class=\"wp-block-media-text__media\"><img loading=\"lazy\" decoding=\"async\" width=\"787\" height=\"498\" src=\"https:\/\/co2-solutions.com\/wp-content\/uploads\/2025\/10\/home-5-molino1.jpg\" alt=\"\" class=\"wp-image-62 size-full\" style=\"object-position:82% 39%\" srcset=\"https:\/\/co2-solutions.com\/wp-content\/uploads\/2025\/10\/home-5-molino1.jpg 787w, https:\/\/co2-solutions.com\/wp-content\/uploads\/2025\/10\/home-5-molino1-300x190.jpg 300w, https:\/\/co2-solutions.com\/wp-content\/uploads\/2025\/10\/home-5-molino1-768x486.jpg 768w\" sizes=\"auto, (max-width: 787px) 100vw, 787px\" \/><\/figure><\/div>\n\n\n\n<div style=\"color:#ddd\" class=\"wp-block-genesis-blocks-gb-spacer gb-block-spacer gb-divider-solid gb-divider-size-1\"><hr style=\"height:30px\"\/><\/div>\n\n\n\n<div class=\"wp-block-cover alignfull has-parallax is-light\"><div class=\"wp-block-cover__image-background wp-image-3129 has-parallax\" style=\"background-position:50% 50%;background-image:url(https:\/\/co2-solutions.com\/wp-content\/themes\/navigation-pro\/config\/import\/images\/travel\/travel-background-2.jpg)\"><\/div><span aria-hidden=\"true\" class=\"wp-block-cover__background has-theme-primary-background-color has-background-dim-80 has-background-dim\"><\/span><div class=\"wp-block-cover__inner-container is-layout-flow wp-block-cover-is-layout-flow\">\n<div class=\"wp-block-genesis-blocks-gb-columns gb-layout-columns-1 one-column gb-columns-center alignfull\" style=\"margin-bottom:15px;padding-right:2%;padding-left:2%\"><div class=\"gb-layout-column-wrap gb-block-layout-column-gap-0 gb-is-responsive-column\" style=\"max-width:1060px\">\n<div class=\"wp-block-genesis-blocks-gb-column gb-block-layout-column\"><div class=\"gb-block-layout-column-inner gb-has-custom-text-color\" style=\"margin-bottom:30px;padding-top:20px;padding-bottom:15px;color:#ffffff\">\n<div class=\"wp-block-group\"><div class=\"wp-block-group__inner-container is-layout-flow wp-block-group-is-layout-flow\"><div class=\"wp-block-image book is-style-book-style\">\n<figure class=\"alignleft size-full is-resized\"><img loading=\"lazy\" decoding=\"async\" width=\"1016\" height=\"615\" src=\"https:\/\/co2-solutions.com\/wp-content\/uploads\/2025\/10\/neutral-seleccion.png\" alt=\"\" class=\"wp-image-65\" style=\"width:373px;height:auto\" srcset=\"https:\/\/co2-solutions.com\/wp-content\/uploads\/2025\/10\/neutral-seleccion.png 1016w, https:\/\/co2-solutions.com\/wp-content\/uploads\/2025\/10\/neutral-seleccion-300x182.png 300w, https:\/\/co2-solutions.com\/wp-content\/uploads\/2025\/10\/neutral-seleccion-768x465.png 768w\" sizes=\"auto, (max-width: 1016px) 100vw, 1016px\" \/><\/figure>\n<\/div>\n\n\n<h2 class=\"wp-block-heading has-text-align-left has-text-color\" style=\"color:#ffffff\">Certificaci\u00f3n NEUTRAL CARBON<\/h2>\n\n\n\n<p class=\"has-text-align-left has-text-color\" style=\"color:#ffffff\">CO2 Solutions ayuda a las empresas a alcanzar la neutralidad de carbono, mediante estrategias de reducci\u00f3n de CO\u2082 y la compensaci\u00f3n de emisiones Inevitables. CO2 Solutions ha formado una alianza con la Federaci\u00f3n Mexicana de F\u00fatbol para posicionar a la Selecci\u00f3n Nacional de M\u00e9xico como un equipo neutro en emisiones de CO\u2082. El proyecto consiste en contabilizar, reducir y neutralizar las emisiones de di\u00f3xido de carbono que resulten de sus actividades durante los partidos preliminares y los juegos que se lleven a cabo durante dicho evento mundial. Sum\u00e1ndose de manera proactiva a la Estrategia de Sustentabilidad propuesta por la FIFA para el evento de la Copa&nbsp;Mundial&nbsp;2022<\/p>\n<\/div><\/div>\n\n\n\n<div class=\"wp-block-buttons is-layout-flex wp-block-buttons-is-layout-flex\">\n<div class=\"wp-block-button\"><a class=\"wp-block-button__link wp-element-button\" href=\"https:\/\/co2-solutions.com\/?page_id=89\"><strong>NEUTRAL CARBON<\/strong><\/a><\/div>\n<\/div>\n<\/div><\/div>\n<\/div><\/div>\n<\/div><\/div>\n\n\n\n<div class=\"wp-block-group alignfull has-background\" style=\"background-color:#ffffff\"><div class=\"wp-block-group__inner-container is-layout-flow wp-block-group-is-layout-flow\">\n<div style=\"color:#ddd\" class=\"wp-block-genesis-blocks-gb-spacer gb-block-spacer gb-divider-solid gb-divider-size-1\"><hr style=\"height:55px\"\/><\/div>\n\n\n\n<h3 class=\"wp-block-heading has-text-align-center\" id=\"our-partners\">Algunos de nuestros clientes<\/h3>\n\n\n\n<hr class=\"wp-block-separator has-css-opacity is-style-dots\"\/>\n\n\n\n<div class=\"wp-block-columns alignwide is-layout-flex wp-container-core-columns-is-layout-9d6595d7 wp-block-columns-is-layout-flex\">\n<div class=\"wp-block-column is-vertically-aligned-center is-layout-flow wp-block-column-is-layout-flow\"><div class=\"wp-block-image\">\n<figure class=\"aligncenter size-full\"><img loading=\"lazy\" decoding=\"async\" width=\"510\" height=\"178\" src=\"https:\/\/co2-solutions.com\/wp-content\/uploads\/2025\/10\/logo-ingetek1.png\" alt=\"\" class=\"wp-image-81\" srcset=\"https:\/\/co2-solutions.com\/wp-content\/uploads\/2025\/10\/logo-ingetek1.png 510w, https:\/\/co2-solutions.com\/wp-content\/uploads\/2025\/10\/logo-ingetek1-300x105.png 300w\" sizes=\"auto, (max-width: 510px) 100vw, 510px\" \/><\/figure>\n<\/div>\n\n<div class=\"wp-block-image\">\n<figure class=\"aligncenter size-full is-resized\"><img loading=\"lazy\" decoding=\"async\" width=\"149\" height=\"50\" src=\"https:\/\/co2-solutions.com\/wp-content\/uploads\/2025\/10\/cliente-121.jpg\" alt=\"\" class=\"wp-image-88\" style=\"width:176px;height:auto\"\/><\/figure>\n<\/div><\/div>\n\n\n\n<div class=\"wp-block-column is-vertically-aligned-center is-layout-flow wp-block-column-is-layout-flow\"><div class=\"wp-block-image\">\n<figure class=\"aligncenter size-full is-resized\"><img loading=\"lazy\" decoding=\"async\" width=\"218\" height=\"62\" src=\"https:\/\/co2-solutions.com\/wp-content\/uploads\/2025\/10\/home-6-cliente-61.jpg\" alt=\"\" class=\"wp-image-80\" style=\"width:148px;height:auto\"\/><\/figure>\n<\/div>\n\n<div class=\"wp-block-image\">\n<figure class=\"aligncenter size-full is-resized\"><img loading=\"lazy\" decoding=\"async\" width=\"62\" height=\"68\" src=\"https:\/\/co2-solutions.com\/wp-content\/uploads\/2025\/10\/cliente-9.jpg\" alt=\"\" class=\"wp-image-71\" style=\"width:52px;height:auto\"\/><\/figure>\n<\/div><\/div>\n\n\n\n<div class=\"wp-block-column is-vertically-aligned-center is-layout-flow wp-block-column-is-layout-flow\"><div class=\"wp-block-image\">\n<figure class=\"aligncenter size-full\"><img loading=\"lazy\" decoding=\"async\" width=\"213\" height=\"38\" src=\"https:\/\/co2-solutions.com\/wp-content\/uploads\/2025\/10\/home-6-cliente-5.jpg\" alt=\"\" class=\"wp-image-79\"\/><\/figure>\n<\/div>\n\n<div class=\"wp-block-image\">\n<figure class=\"aligncenter size-full is-resized\"><img loading=\"lazy\" decoding=\"async\" width=\"140\" height=\"37\" src=\"https:\/\/co2-solutions.com\/wp-content\/uploads\/2025\/10\/cliente-101.jpg\" alt=\"\" class=\"wp-image-70\" style=\"width:176px;height:auto\"\/><\/figure>\n<\/div><\/div>\n\n\n\n<div class=\"wp-block-column is-vertically-aligned-center is-layout-flow wp-block-column-is-layout-flow\"><div class=\"wp-block-image\">\n<figure class=\"aligncenter size-full is-resized\"><img loading=\"lazy\" decoding=\"async\" width=\"127\" height=\"41\" src=\"https:\/\/co2-solutions.com\/wp-content\/uploads\/2025\/10\/home-6-cliente-1.jpg\" alt=\"\" class=\"wp-image-72\" style=\"width:127px;height:auto\"\/><\/figure>\n<\/div>\n\n<div class=\"wp-block-image\">\n<figure class=\"aligncenter size-full is-resized\"><img loading=\"lazy\" decoding=\"async\" width=\"141\" height=\"56\" src=\"https:\/\/co2-solutions.com\/wp-content\/uploads\/2025\/10\/cliente-14.jpg\" alt=\"\" class=\"wp-image-77\" style=\"width:125px;height:auto\"\/><\/figure>\n<\/div><\/div>\n\n\n\n<div class=\"wp-block-column is-vertically-aligned-center is-layout-flow wp-block-column-is-layout-flow\"><div class=\"wp-block-image\">\n<figure class=\"aligncenter size-full is-resized\"><img loading=\"lazy\" decoding=\"async\" width=\"150\" height=\"40\" src=\"https:\/\/co2-solutions.com\/wp-content\/uploads\/2025\/10\/home-6-cliente-21.jpg\" alt=\"\" class=\"wp-image-78\" style=\"width:150px;height:auto\"\/><\/figure>\n<\/div>\n\n<div class=\"wp-block-image\">\n<figure class=\"aligncenter size-full is-resized\"><img loading=\"lazy\" decoding=\"async\" width=\"135\" height=\"51\" src=\"https:\/\/co2-solutions.com\/wp-content\/uploads\/2025\/10\/cliente-11.jpg\" alt=\"\" class=\"wp-image-76\" style=\"width:135px;height:auto\"\/><\/figure>\n<\/div><\/div>\n<\/div>\n\n\n\n<div style=\"height:32px\" aria-hidden=\"true\" class=\"wp-block-spacer\"><\/div>\n<\/div><\/div>\n\n\n\n<div class=\"wp-block-cover alignfull has-parallax is-light\" style=\"min-height:250px;aspect-ratio:unset;\"><div class=\"wp-block-cover__image-background wp-image-2996 has-parallax\" style=\"background-position:50% 50%;background-image:url(https:\/\/co2-solutions.com\/wp-content\/themes\/navigation-pro\/config\/import\/images\/travel\/travel-background-3.jpg)\"><\/div><span aria-hidden=\"true\" class=\"wp-block-cover__background has-theme-primary-background-color has-background-dim-70 has-background-dim\"><\/span><div class=\"wp-block-cover__inner-container is-layout-flow wp-block-cover-is-layout-flow\">\n<h2 class=\"wp-block-heading has-text-align-center has-text-color has-link-color wp-elements-958566a667e8f5df6663d17c085610be\" style=\"color:#ffffff\">Cont\u00e1ctanos<\/h2>\n\n\n\n<p class=\"has-text-align-center has-text-color has-link-color wp-elements-beaf7a0eb6aba786c52d9c26ffe0dbee\" style=\"color:#ffffff\">D\u00e9janos un mensaje y alguien de nuestro equipo estar\u00e1 en contacto a la brevedad.<\/p>\n<\/div><\/div>\n\n\n<style id=\"wpforms-css-vars-40-block-0ed0ca26-2f22-4dd6-802d-94957c1545d9\">\n\t\t\t\t#wpforms-40.wpforms-block-0ed0ca26-2f22-4dd6-802d-94957c1545d9 {\n\t\t\t\t--wpforms-field-size-input-height: 43px;\n--wpforms-field-size-input-spacing: 15px;\n--wpforms-field-size-font-size: 16px;\n--wpforms-field-size-line-height: 19px;\n--wpforms-field-size-padding-h: 14px;\n--wpforms-field-size-checkbox-size: 16px;\n--wpforms-field-size-sublabel-spacing: 5px;\n--wpforms-field-size-icon-size: 1;\n--wpforms-label-size-font-size: 16px;\n--wpforms-label-size-line-height: 19px;\n--wpforms-label-size-sublabel-font-size: 14px;\n--wpforms-label-size-sublabel-line-height: 17px;\n--wpforms-button-size-font-size: 17px;\n--wpforms-button-size-height: 41px;\n--wpforms-button-size-padding-h: 15px;\n--wpforms-button-size-margin-top: 10px;\n\t\t\t}\n\t\t\t<\/style><div class=\"wpforms-container wpforms-container-full wpforms-block wpforms-block-0ed0ca26-2f22-4dd6-802d-94957c1545d9 wpforms-render-modern\" id=\"wpforms-40\"><form id=\"wpforms-form-40\" class=\"wpforms-validate wpforms-form wpforms-ajax-form\" data-formid=\"40\" method=\"post\" enctype=\"multipart\/form-data\" action=\"\/index.php?rest_route=%2Fwp%2Fv2%2Fpages%2F28\" data-token=\"78f532066fe212545245e53e6f1e086e\" data-token-time=\"1775638985\"><noscript class=\"wpforms-error-noscript\">Please enable JavaScript in your browser to complete this form.<\/noscript><div id=\"wpforms-error-noscript\" style=\"display: none;\">Please enable JavaScript in your browser to complete this form.<\/div><div class=\"wpforms-field-container\">\t\t<div id=\"wpforms-40-field_4-container\"\n\t\t\tclass=\"wpforms-field wpforms-field-text\"\n\t\t\tdata-field-type=\"text\"\n\t\t\tdata-field-id=\"4\"\n\t\t\t>\n\t\t\t<label class=\"wpforms-field-label\" for=\"wpforms-40-field_4\" >electr\u00f3nico Nombre Correo<\/label>\n\t\t\t<input type=\"text\" id=\"wpforms-40-field_4\" class=\"wpforms-field-medium\" name=\"wpforms[fields][4]\" >\n\t\t<\/div>\n\t\t<div id=\"wpforms-40-field_1-container\" class=\"wpforms-field wpforms-field-name\" data-field-id=\"1\"><label class=\"wpforms-field-label\" for=\"wpforms-40-field_1\">Nombre <span class=\"wpforms-required-label\" aria-hidden=\"true\">*<\/span><\/label><input type=\"text\" id=\"wpforms-40-field_1\" class=\"wpforms-field-medium wpforms-field-required\" name=\"wpforms[fields][1]\" aria-errormessage=\"wpforms-40-field_1-error\" required><\/div><div id=\"wpforms-40-field_2-container\" class=\"wpforms-field wpforms-field-email\" data-field-id=\"2\"><label class=\"wpforms-field-label\" for=\"wpforms-40-field_2\">Correo electr\u00f3nico <span class=\"wpforms-required-label\" aria-hidden=\"true\">*<\/span><\/label><input type=\"email\" id=\"wpforms-40-field_2\" class=\"wpforms-field-medium wpforms-field-required\" name=\"wpforms[fields][2]\" spellcheck=\"false\" aria-errormessage=\"wpforms-40-field_2-error\" required><\/div><div id=\"wpforms-40-field_3-container\" class=\"wpforms-field wpforms-field-textarea\" data-field-id=\"3\"><label class=\"wpforms-field-label\" for=\"wpforms-40-field_3\">Mensaje <span class=\"wpforms-required-label\" aria-hidden=\"true\">*<\/span><\/label><textarea id=\"wpforms-40-field_3\" class=\"wpforms-field-medium wpforms-field-required\" name=\"wpforms[fields][3]\" aria-errormessage=\"wpforms-40-field_3-error\" required><\/textarea><\/div><script>\n\t\t\t\t( function() {\n\t\t\t\t\tconst style = document.createElement( 'style' );\n\t\t\t\t\tstyle.appendChild( document.createTextNode( '#wpforms-40-field_4-container { position: absolute !important; overflow: hidden !important; display: inline !important; height: 1px !important; width: 1px !important; z-index: -1000 !important; padding: 0 !important; } #wpforms-40-field_4-container input { visibility: hidden; } #wpforms-conversational-form-page #wpforms-40-field_4-container label { counter-increment: none; }' ) );\n\t\t\t\t\tdocument.head.appendChild( style );\n\t\t\t\t\tdocument.currentScript?.remove();\n\t\t\t\t} )();\n\t\t\t<\/script><\/div><!-- .wpforms-field-container --><div class=\"wpforms-submit-container\" ><input type=\"hidden\" name=\"wpforms[id]\" value=\"40\"><input type=\"hidden\" name=\"page_title\" value=\"\"><input type=\"hidden\" name=\"page_url\" value=\"https:\/\/co2-solutions.com\/index.php?rest_route=\/wp\/v2\/pages\/28\"><input type=\"hidden\" name=\"url_referer\" value=\"\"><button type=\"submit\" name=\"wpforms[submit]\" id=\"wpforms-submit-40\" class=\"wpforms-submit\" data-alt-text=\"Enviando...\" data-submit-text=\"Enviar\" aria-live=\"assertive\" value=\"wpforms-submit\">Enviar<\/button><img loading=\"lazy\" decoding=\"async\" src=\"https:\/\/co2-solutions.com\/wp-content\/plugins\/wpforms-lite\/assets\/images\/submit-spin.svg\" class=\"wpforms-submit-spinner\" style=\"display: none;\" width=\"26\" height=\"26\" alt=\"Loading\"><\/div><\/form><\/div>  <!-- .wpforms-container -->","protected":false},"excerpt":{"rendered":"<p>Nuestra experiencia CO2 Solutions opera en los mercados de carbono desde 1998, siendo por ello una de las empresas pioneras en esta materia, habiendo desarrollado proyectos en Argentina, Brasil, Bulgaria, Chile, Colombia, Costa Rica, Ecuador, Egipto, El Salvador, Espa\u00f1a, Estados Unidos, Filipinas, Guatemala, Inglaterra, India, Marruecos, M\u00e9xico, Montenegro, Nicaragua, Panam\u00e1, Per\u00fa, Rep\u00fablica Dominicana, Suiza, entre [&hellip;]<\/p>\n","protected":false},"author":2,"featured_media":0,"parent":0,"menu_order":0,"comment_status":"closed","ping_status":"closed","template":"templates\/blocks.php","meta":{"_genesis_hide_title":true,"_genesis_hide_breadcrumbs":true,"_genesis_hide_singular_image":true,"_genesis_hide_footer_widgets":false,"_genesis_custom_body_class":"","_genesis_custom_post_class":"","_genesis_layout":"full-width-content","footnotes":""},"class_list":{"0":"post-28","1":"page","2":"type-page","3":"status-publish","5":"entry","6":"has-post-thumbnail"},"featured_image_src":null,"featured_image_src_square":null,"_links":{"self":[{"href":"https:\/\/co2-solutions.com\/index.php?rest_route=\/wp\/v2\/pages\/28","targetHints":{"allow":["GET"]}}],"collection":[{"href":"https:\/\/co2-solutions.com\/index.php?rest_route=\/wp\/v2\/pages"}],"about":[{"href":"https:\/\/co2-solutions.com\/index.php?rest_route=\/wp\/v2\/types\/page"}],"author":[{"embeddable":true,"href":"https:\/\/co2-solutions.com\/index.php?rest_route=\/wp\/v2\/users\/2"}],"replies":[{"embeddable":true,"href":"https:\/\/co2-solutions.com\/index.php?rest_route=%2Fwp%2Fv2%2Fcomments&post=28"}],"version-history":[{"count":0,"href":"https:\/\/co2-solutions.com\/index.php?rest_route=\/wp\/v2\/pages\/28\/revisions"}],"wp:attachment":[{"href":"https:\/\/co2-solutions.com\/index.php?rest_route=%2Fwp%2Fv2%2Fmedia&parent=28"}],"curies":[{"name":"wp","href":"https:\/\/api.w.org\/{rel}","templated":true}]}}