{"id":89,"date":"2025-10-20T18:29:40","date_gmt":"2025-10-20T18:29:40","guid":{"rendered":"https:\/\/co2solutiondev.wpenginepowered.com\/?page_id=89"},"modified":"2025-10-27T18:13:34","modified_gmt":"2025-10-27T18:13:34","slug":"neutral-carbon","status":"publish","type":"page","link":"https:\/\/co2-solutions.com\/?page_id=89","title":{"rendered":"Neutral Carbon"},"content":{"rendered":"\n<div class=\"wp-block-cover alignfull\" style=\"min-height:267px;aspect-ratio:unset;\"><img loading=\"lazy\" decoding=\"async\" width=\"1024\" height=\"314\" class=\"wp-block-cover__image-background wp-image-120\" alt=\"\" src=\"https:\/\/co2-solutions.com\/wp-content\/uploads\/2025\/10\/neutral-banner-1024x314.jpg\" data-object-fit=\"cover\" srcset=\"https:\/\/co2-solutions.com\/wp-content\/uploads\/2025\/10\/neutral-banner-1024x314.jpg 1024w, https:\/\/co2-solutions.com\/wp-content\/uploads\/2025\/10\/neutral-banner-300x92.jpg 300w, https:\/\/co2-solutions.com\/wp-content\/uploads\/2025\/10\/neutral-banner-768x236.jpg 768w, https:\/\/co2-solutions.com\/wp-content\/uploads\/2025\/10\/neutral-banner-1536x472.jpg 1536w, https:\/\/co2-solutions.com\/wp-content\/uploads\/2025\/10\/neutral-banner.jpg 1768w\" sizes=\"auto, (max-width: 1024px) 100vw, 1024px\" \/><span aria-hidden=\"true\" class=\"wp-block-cover__background has-background-dim\"><\/span><div class=\"wp-block-cover__inner-container is-layout-flow wp-block-cover-is-layout-flow\">\n<p class=\"has-text-align-center has-large-font-size\"><strong>NEUTRAL CARBON<\/strong><\/p>\n<\/div><\/div>\n\n\n\n<div style=\"background-color:#ffffff\" class=\"wp-block-genesis-blocks-gb-container alignfull gb-block-container\"><div class=\"gb-container-inside\"><div class=\"gb-container-content\">\n<div style=\"color:#ddd\" class=\"wp-block-genesis-blocks-gb-spacer gb-block-spacer gb-divider-solid gb-divider-size-1\"><hr style=\"height:41px\"\/><\/div>\n<\/div><\/div><\/div>\n\n\n\n<div class=\"wp-block-media-text alignfull is-stacked-on-mobile is-vertically-aligned-center has-background\" style=\"background-color:#ffffff;grid-template-columns:43% auto\"><figure class=\"wp-block-media-text__media\"><img loading=\"lazy\" decoding=\"async\" width=\"766\" height=\"499\" src=\"https:\/\/co2-solutions.com\/wp-content\/uploads\/2025\/10\/neutral-molino.jpg\" alt=\"\" class=\"wp-image-122 size-full\" srcset=\"https:\/\/co2-solutions.com\/wp-content\/uploads\/2025\/10\/neutral-molino.jpg 766w, https:\/\/co2-solutions.com\/wp-content\/uploads\/2025\/10\/neutral-molino-300x195.jpg 300w\" sizes=\"auto, (max-width: 766px) 100vw, 766px\" \/><\/figure><div class=\"wp-block-media-text__content\">\n<div style=\"color:#ddd\" class=\"wp-block-genesis-blocks-gb-spacer gb-block-spacer gb-divider-solid gb-divider-size-1\"><hr style=\"height:48px\"\/><\/div>\n\n\n\n<p><strong>Convi\u00e9rtete en Carbono Neutral<\/strong><\/p>\n\n\n\n<p class=\"has-small-font-size\">Neutral Carbon es un t\u00e9rmino utilizado para describir el estado de una entidad (como una empresa, servicio, producto o evento), donde las emisiones de carbono han sido equilibradas al financiar una cantidad equivalente de carbono capturado o evitado en otras partes del mundo.<\/p>\n\n\n\n<p class=\"has-small-font-size\">Las empresas, los procesos y los productos se vuelven neutros en carbono cuando calculan sus emisiones de carbono, crean estrategias para disminuir sus emisiones y compensan las emisiones inevitables a trav\u00e9s de proyectos de compensaci\u00f3n de carbono. La compensaci\u00f3n de las emisiones de carbono, adem\u00e1s de evitar y reducir los gases de efecto invernadero, son un paso importante para alcanzar las metas internacionales establecidas para frenar el cambio clim\u00e1tico.<\/p>\n<\/div><\/div>\n\n\n\n<div class=\"wp-block-media-text alignfull has-media-on-the-right is-stacked-on-mobile is-vertically-aligned-center is-image-fill-element has-background\" style=\"background-color:#ffffff\"><div class=\"wp-block-media-text__content\">\n<div style=\"color:#ddd\" class=\"wp-block-genesis-blocks-gb-spacer gb-block-spacer gb-divider-solid gb-divider-size-1\"><hr style=\"height:57px\"\/><\/div>\n\n\n\n<p><strong>Certificaci\u00f3n Neutral Carbon<\/strong><\/p>\n\n\n\n<p class=\"has-small-font-size\">Una certificaci\u00f3n Carbon Neutral demuestra el compromiso de una organizaci\u00f3n con la reducci\u00f3n de emisiones de carbono y la neutralizaci\u00f3n del impacto restante a trav\u00e9s de la compra de cr\u00e9ditos de carbono. CO2 Solutions certifica organizaciones, productos y eventos que tienen una huella de carbono medida, cuentan con estrategias para reducci\u00f3n de sus emisiones y han compensado su huella de carbono restante con cr\u00e9ditos de carbono verificados. Demuestre el liderazgo en el mercado de su producto, organizaci\u00f3n o evento a trav\u00e9s de nuestra certificaci\u00f3n de Carbon Neutral basada en las normas internacionales. &nbsp;CO2 Solutions ofrece opciones de servicio completas para lograr ser Neutral Carbon, que incluyen el c\u00e1lculo de la huella de carbono, as\u00ed como la orientaci\u00f3n sobre la compra de cr\u00e9ditos de carbono verificados de fuentes cre\u00edbles y que se alinean con la misi\u00f3n de cada empresa.<\/p>\n<\/div><figure class=\"wp-block-media-text__media\"><img loading=\"lazy\" decoding=\"async\" width=\"1700\" height=\"660\" src=\"https:\/\/co2-solutions.com\/wp-content\/uploads\/2025\/10\/neutral-pandas-1700x660.jpg\" alt=\"\" class=\"wp-image-123 size-singular-full-width\" style=\"object-position:93% 48%\" srcset=\"https:\/\/co2-solutions.com\/wp-content\/uploads\/2025\/10\/neutral-pandas-1700x660.jpg 1700w, https:\/\/co2-solutions.com\/wp-content\/uploads\/2025\/10\/neutral-pandas-300x117.jpg 300w, https:\/\/co2-solutions.com\/wp-content\/uploads\/2025\/10\/neutral-pandas-1024x399.jpg 1024w\" sizes=\"auto, (max-width: 1700px) 100vw, 1700px\" \/><\/figure><\/div>\n\n\n\n<div class=\"wp-block-media-text alignfull is-stacked-on-mobile is-vertically-aligned-center has-background\" style=\"background-color:#ffffff\"><figure class=\"wp-block-media-text__media\"><img loading=\"lazy\" decoding=\"async\" width=\"1016\" height=\"615\" src=\"https:\/\/co2-solutions.com\/wp-content\/uploads\/2025\/10\/neutral-seleccion.png\" alt=\"\" class=\"wp-image-65 size-full\" srcset=\"https:\/\/co2-solutions.com\/wp-content\/uploads\/2025\/10\/neutral-seleccion.png 1016w, https:\/\/co2-solutions.com\/wp-content\/uploads\/2025\/10\/neutral-seleccion-300x182.png 300w, https:\/\/co2-solutions.com\/wp-content\/uploads\/2025\/10\/neutral-seleccion-768x465.png 768w\" sizes=\"auto, (max-width: 1016px) 100vw, 1016px\" \/><\/figure><div class=\"wp-block-media-text__content\">\n<div style=\"color:#ddd\" class=\"wp-block-genesis-blocks-gb-spacer gb-block-spacer gb-divider-solid gb-divider-size-1\"><hr style=\"height:53px\"\/><\/div>\n\n\n\n<p><strong>Selecci\u00f3n Mexicana de F\u00fatbol Neutra en Carbono Rumbo a Qatar<\/strong><\/p>\n\n\n\n<p class=\"has-small-font-size\">La selecci\u00f3n mexicana de f\u00fatbol es el primer equipo a nivel mundial con el compromiso de ser un \u201cEquipo Neutro en Carbono\u201d durante su pr\u00f3xima participaci\u00f3n en la Copa Mundial de F\u00fatbol Catar 2022. La iniciativa \u201cNeutral Carbon\u201d adoptada por la Federaci\u00f3n Mexicana de F\u00fatbol, busca generar un impacto positivo para el medio ambiente y logra aumentar la conciencia ambiental de la sociedad y la importancia sobre el cambio clim\u00e1tico. El proyecto consiste en contabilizar, reducir y neutralizar las emisiones de di\u00f3xido de carbono que resulten de sus actividades durante los partidos preliminares y los juegos que se lleven a cabo durante dicho evento mundial. Sum\u00e1ndose de manera proactiva a la Estrategia de Sustentabilidad propuesta por la FIFA para el evento de la Copa Mundial 2022.<\/p>\n<\/div><\/div>\n\n\n\n<div class=\"wp-block-genesis-blocks-gb-container gb-layout-landing-1 gb-block-container alignfull\"><div class=\"gb-container-inside\"><div class=\"gb-container-content\" style=\"max-width:1600px\">\n<div style=\"background-color:#ffffff\" class=\"wp-block-genesis-blocks-gb-container gb-block-container\"><div class=\"gb-container-inside\"><div class=\"gb-container-content\">\n<div style=\"height:40px\" aria-hidden=\"true\" class=\"wp-block-spacer\"><\/div>\n<\/div><\/div><\/div>\n\n\n\n<div class=\"wp-block-genesis-blocks-gb-columns gb-layout-columns-2 gb-2-col-wideleft has-theme-primary-background-color gb-columns-center\" style=\"padding-top:5%;padding-right:5%;padding-bottom:5%;padding-left:5%\"><div class=\"gb-layout-column-wrap gb-block-layout-column-gap-2 gb-is-responsive-column\" style=\"max-width:1200px\">\n<div class=\"wp-block-genesis-blocks-gb-column gb-block-layout-column gb-is-vertically-aligned-center\"><div class=\"gb-block-layout-column-inner has-white-background-color gb-has-custom-text-color\" style=\"padding:5%;color:#ffffff\">\n<h1 class=\"wp-block-heading has-text-color has-link-color wp-elements-7a5b671a1bfc1d2ad4597c93832e139c\" style=\"color:#000000;font-size:40px\">Convi\u00e9rtete en Neutral Carbon<\/h1>\n\n\n\n<p class=\"has-text-color has-link-color wp-elements-e5a92534d465da1c3f7fc8977b395e46\" style=\"color:#000000\">Cont\u00e1ctanos para unirte a la iniciativa<\/p>\n\n\n\n<div class=\"wp-block-buttons is-layout-flex wp-block-buttons-is-layout-flex\">\n<div class=\"wp-block-button\"><a class=\"wp-block-button__link wp-element-button\" href=\"https:\/\/co2-solutions.com\/?page_id=34\"><strong>CONTACTO<\/strong><\/a><\/div>\n<\/div>\n<\/div><\/div>\n\n\n\n<div class=\"wp-block-genesis-blocks-gb-column gb-block-layout-column gb-is-vertically-aligned-center\"><div class=\"gb-block-layout-column-inner\"><div class=\"wp-block-image\">\n<figure class=\"aligncenter size-full is-resized\"><img loading=\"lazy\" decoding=\"async\" width=\"139\" height=\"138\" src=\"https:\/\/co2-solutions.com\/wp-content\/uploads\/2025\/10\/home-1-hand.png\" alt=\"\" class=\"wp-image-124\" style=\"width:201px;height:auto\"\/><\/figure>\n<\/div><\/div><\/div>\n<\/div><\/div>\n\n\n\n<div class=\"wp-block-genesis-blocks-gb-columns gb-layout-service-2 gb-layout-columns-1 one-column gb-columns-center\" style=\"padding-right:5%;padding-left:5%\"><div class=\"gb-layout-column-wrap gb-block-layout-column-gap-2 gb-is-responsive-column\" style=\"max-width:1200px\">\n<div class=\"wp-block-genesis-blocks-gb-column gb-block-layout-column\"><div class=\"gb-block-layout-column-inner has-white-background-color\">\n<div class=\"wp-block-genesis-blocks-gb-columns gb-layout-columns-3 gb-3-col-equal\" style=\"margin-bottom:3%\"><div class=\"gb-layout-column-wrap gb-block-layout-column-gap-2 gb-is-responsive-column\">\n<div class=\"wp-block-genesis-blocks-gb-column gb-block-layout-column\"><div class=\"gb-block-layout-column-inner\">\n<div style=\"color:#ddd\" class=\"wp-block-genesis-blocks-gb-spacer gb-block-spacer gb-divider-solid gb-divider-size-1\"><hr style=\"height:30px\"\/><\/div>\n\n\n\n<figure class=\"wp-block-image size-full\"><img loading=\"lazy\" decoding=\"async\" width=\"451\" height=\"439\" src=\"https:\/\/co2-solutions.com\/wp-content\/uploads\/2025\/10\/neutral-nota-1.jpg\" alt=\"\" class=\"wp-image-128\" srcset=\"https:\/\/co2-solutions.com\/wp-content\/uploads\/2025\/10\/neutral-nota-1.jpg 451w, https:\/\/co2-solutions.com\/wp-content\/uploads\/2025\/10\/neutral-nota-1-300x292.jpg 300w\" sizes=\"auto, (max-width: 451px) 100vw, 451px\" \/><\/figure>\n\n\n\n<h3 class=\"wp-block-heading\">Cancunmesse<\/h3>\n\n\n\n<p style=\"font-size:16px\">Cede de la Convenci\u00f3n Marco de la Naciones Unidas COP 16, CANCUNMESSE neutraliz\u00f3 las emisiones generadas durante el evento.<\/p>\n<\/div><\/div>\n\n\n\n<div class=\"wp-block-genesis-blocks-gb-column gb-block-layout-column\"><div class=\"gb-block-layout-column-inner\">\n<div style=\"color:#ddd\" class=\"wp-block-genesis-blocks-gb-spacer gb-block-spacer gb-divider-solid gb-divider-size-1\"><hr style=\"height:30px\"\/><\/div>\n\n\n\n<figure class=\"wp-block-image size-full\"><img loading=\"lazy\" decoding=\"async\" width=\"451\" height=\"439\" src=\"https:\/\/co2-solutions.com\/wp-content\/uploads\/2025\/10\/neutral-nota-2.jpg\" alt=\"\" class=\"wp-image-129\" srcset=\"https:\/\/co2-solutions.com\/wp-content\/uploads\/2025\/10\/neutral-nota-2.jpg 451w, https:\/\/co2-solutions.com\/wp-content\/uploads\/2025\/10\/neutral-nota-2-300x292.jpg 300w\" sizes=\"auto, (max-width: 451px) 100vw, 451px\" \/><\/figure>\n\n\n\n<h3 class=\"wp-block-heading\">EuroBasket 2007<\/h3>\n\n\n\n<p style=\"font-size:16px\">El Campeonato Europeo de Baloncesto EuroBasket impuso el reto de contabilizar y neutralizar las emisiones del evento concientizando el impacto ambiental.<\/p>\n<\/div><\/div>\n\n\n\n<div class=\"wp-block-genesis-blocks-gb-column gb-block-layout-column\"><div class=\"gb-block-layout-column-inner\">\n<div style=\"color:#ddd\" class=\"wp-block-genesis-blocks-gb-spacer gb-block-spacer gb-divider-solid gb-divider-size-1\"><hr style=\"height:30px\"\/><\/div>\n\n\n\n<figure class=\"wp-block-image size-full\"><img loading=\"lazy\" decoding=\"async\" width=\"451\" height=\"439\" src=\"https:\/\/co2-solutions.com\/wp-content\/uploads\/2025\/10\/neutral-nota-3.jpg\" alt=\"\" class=\"wp-image-130\" srcset=\"https:\/\/co2-solutions.com\/wp-content\/uploads\/2025\/10\/neutral-nota-3.jpg 451w, https:\/\/co2-solutions.com\/wp-content\/uploads\/2025\/10\/neutral-nota-3-300x292.jpg 300w\" sizes=\"auto, (max-width: 451px) 100vw, 451px\" \/><\/figure>\n\n\n\n<h3 class=\"wp-block-heading\">Salas de cine y Oficinas Cin\u00e9polis<\/h3>\n\n\n\n<p style=\"font-size:16px\">Siendo la compa\u00f1\u00eda de exhibici\u00f3n cinematogr\u00e1fica m\u00e1s grande de Am\u00e9rica Latina y comprometida con el desarrollo sostenible, Cin\u00e9polis se convirti\u00f3 en la primer empresa de entretenimiento Mexicana en ser neutra en emisiones<\/p>\n<\/div><\/div>\n<\/div><\/div>\n\n\n\n<div class=\"wp-block-genesis-blocks-gb-columns gb-layout-columns-3 gb-3-col-equal\" style=\"margin-bottom:3%\"><div class=\"gb-layout-column-wrap gb-block-layout-column-gap-2 gb-is-responsive-column\">\n<div class=\"wp-block-genesis-blocks-gb-column gb-block-layout-column\"><div class=\"gb-block-layout-column-inner\">\n<figure class=\"wp-block-image size-full\"><img loading=\"lazy\" decoding=\"async\" width=\"451\" height=\"440\" src=\"https:\/\/co2-solutions.com\/wp-content\/uploads\/2025\/10\/neutral-nota-4.jpg\" alt=\"\" class=\"wp-image-131\" srcset=\"https:\/\/co2-solutions.com\/wp-content\/uploads\/2025\/10\/neutral-nota-4.jpg 451w, https:\/\/co2-solutions.com\/wp-content\/uploads\/2025\/10\/neutral-nota-4-300x293.jpg 300w\" sizes=\"auto, (max-width: 451px) 100vw, 451px\" \/><\/figure>\n\n\n\n<h3 class=\"wp-block-heading\">Club de F\u00fatbol TIGRES<\/h3>\n\n\n\n<p style=\"font-size:16px\">El Equipo Campe\u00f3n de la Liga Mexicana, ha implementado estrategias de reducci\u00f3n de emisiones como compromiso medio ambiental, logrando la certificaci\u00f3n Neutral Carbon del Torneo Clausura 2012.<\/p>\n<\/div><\/div>\n\n\n\n<div class=\"wp-block-genesis-blocks-gb-column gb-block-layout-column\"><div class=\"gb-block-layout-column-inner\">\n<figure class=\"wp-block-image size-full\"><img loading=\"lazy\" decoding=\"async\" width=\"451\" height=\"440\" src=\"https:\/\/co2-solutions.com\/wp-content\/uploads\/2025\/10\/neutral-nota-5.jpg\" alt=\"\" class=\"wp-image-132\" srcset=\"https:\/\/co2-solutions.com\/wp-content\/uploads\/2025\/10\/neutral-nota-5.jpg 451w, https:\/\/co2-solutions.com\/wp-content\/uploads\/2025\/10\/neutral-nota-5-300x293.jpg 300w\" sizes=\"auto, (max-width: 451px) 100vw, 451px\" \/><\/figure>\n\n\n\n<h3 class=\"wp-block-heading\">Eventos Neutros en Carbono ACCIONA<\/h3>\n\n\n\n<p style=\"font-size:16px\">Acciona implement\u00f3 el desarrollo de 3 Eventos Neutros en Emisiones: Junta General de Accionistas, Convenci\u00f3n de Directivos y Fiesta de Navidad; neutralizando sus emisiones y apoyando a proyectos tantos voluntarios como internacionales en materia de eficiencia energ\u00e9tica.<\/p>\n<\/div><\/div>\n\n\n\n<div class=\"wp-block-genesis-blocks-gb-column gb-block-layout-column\"><div class=\"gb-block-layout-column-inner\">\n<figure class=\"wp-block-image size-full\"><img loading=\"lazy\" decoding=\"async\" width=\"451\" height=\"440\" src=\"https:\/\/co2-solutions.com\/wp-content\/uploads\/2025\/10\/neutral-nota-6.jpg\" alt=\"\" class=\"wp-image-133\" srcset=\"https:\/\/co2-solutions.com\/wp-content\/uploads\/2025\/10\/neutral-nota-6.jpg 451w, https:\/\/co2-solutions.com\/wp-content\/uploads\/2025\/10\/neutral-nota-6-300x293.jpg 300w\" sizes=\"auto, (max-width: 451px) 100vw, 451px\" \/><\/figure>\n\n\n\n<h3 class=\"wp-block-heading\">Rotoplas<\/h3>\n\n\n\n<p style=\"font-size:16px\">Rotoplas consolida su compromiso de protecci\u00f3n al medio ambiente neutralizando las emisiones generadas por sus actividades diarias de la empresa.<\/p>\n<\/div><\/div>\n<\/div><\/div>\n\n\n\n<div class=\"wp-block-genesis-blocks-gb-columns gb-layout-columns-3 gb-3-col-equal\" style=\"margin-bottom:3%\"><div class=\"gb-layout-column-wrap gb-block-layout-column-gap-2 gb-is-responsive-column\">\n<div class=\"wp-block-genesis-blocks-gb-column gb-block-layout-column\"><div class=\"gb-block-layout-column-inner\">\n<figure class=\"wp-block-image size-full\"><img loading=\"lazy\" decoding=\"async\" width=\"451\" height=\"439\" src=\"https:\/\/co2-solutions.com\/wp-content\/uploads\/2025\/10\/neutral-nota-7.jpg\" alt=\"\" class=\"wp-image-134\" srcset=\"https:\/\/co2-solutions.com\/wp-content\/uploads\/2025\/10\/neutral-nota-7.jpg 451w, https:\/\/co2-solutions.com\/wp-content\/uploads\/2025\/10\/neutral-nota-7-300x292.jpg 300w\" sizes=\"auto, (max-width: 451px) 100vw, 451px\" \/><\/figure>\n\n\n\n<h3 class=\"wp-block-heading\">Vuelta al Mundo Discovery 4X4 2007<\/h3>\n\n\n\n<p style=\"font-size:16px\">La Direcci\u00f3n del Evento la Vuelta al Mundo Discovery junto con la asistencia de CO2- Solutions, han trabajado para realizar la Primera Vuelta al Mundo neutra en emisiones.<\/p>\n<\/div><\/div>\n\n\n\n<div class=\"wp-block-genesis-blocks-gb-column gb-block-layout-column\"><div class=\"gb-block-layout-column-inner\">\n<figure class=\"wp-block-image size-full\"><img loading=\"lazy\" decoding=\"async\" width=\"451\" height=\"439\" src=\"https:\/\/co2-solutions.com\/wp-content\/uploads\/2025\/10\/neutral-nota-8.jpg\" alt=\"\" class=\"wp-image-135\" srcset=\"https:\/\/co2-solutions.com\/wp-content\/uploads\/2025\/10\/neutral-nota-8.jpg 451w, https:\/\/co2-solutions.com\/wp-content\/uploads\/2025\/10\/neutral-nota-8-300x292.jpg 300w\" sizes=\"auto, (max-width: 451px) 100vw, 451px\" \/><\/figure>\n\n\n\n<h3 class=\"wp-block-heading\">Inventario y Neutralizaci\u00f3n de Emisiones GEI Las Ventikas<\/h3>\n\n\n\n<p style=\"font-size:16px\">Inventario y neutralizaci\u00f3n de emisiones GEI de las construcci\u00f3n de los parques e\u00f3licos Ventika y Ventika II de Acciona (Alcance 1, 2 y 3)<\/p>\n<\/div><\/div>\n\n\n\n<div class=\"wp-block-genesis-blocks-gb-column gb-block-layout-column\"><div class=\"gb-block-layout-column-inner\">\n<figure class=\"wp-block-image size-full\"><img loading=\"lazy\" decoding=\"async\" width=\"451\" height=\"439\" src=\"https:\/\/co2-solutions.com\/wp-content\/uploads\/2025\/10\/neutral-nota-9.jpg\" alt=\"\" class=\"wp-image-136\" srcset=\"https:\/\/co2-solutions.com\/wp-content\/uploads\/2025\/10\/neutral-nota-9.jpg 451w, https:\/\/co2-solutions.com\/wp-content\/uploads\/2025\/10\/neutral-nota-9-300x292.jpg 300w\" sizes=\"auto, (max-width: 451px) 100vw, 451px\" \/><\/figure>\n\n\n\n<h3 class=\"wp-block-heading\">OSCE 15\u00b0 Consejo Ministerial<\/h3>\n\n\n\n<p style=\"font-size:16px\">La Organizaci\u00f3n para la Seguridad y la Cooperaci\u00f3n Europea trabajaron para realizar la primera Reuni\u00f3n Ministerial Neutral Carbon.<\/p>\n<\/div><\/div>\n<\/div><\/div>\n<\/div><\/div>\n<\/div><\/div>\n<\/div><\/div><\/div>\n","protected":false},"excerpt":{"rendered":"","protected":false},"author":2,"featured_media":0,"parent":0,"menu_order":0,"comment_status":"closed","ping_status":"closed","template":"templates\/blocks.php","meta":{"_genesis_hide_title":true,"_genesis_hide_breadcrumbs":false,"_genesis_hide_singular_image":true,"_genesis_hide_footer_widgets":false,"_genesis_custom_body_class":"","_genesis_custom_post_class":"","_genesis_layout":"full-width-content","footnotes":""},"class_list":{"0":"post-89","1":"page","2":"type-page","3":"status-publish","5":"entry","6":"has-post-thumbnail"},"featured_image_src":null,"featured_image_src_square":null,"_links":{"self":[{"href":"https:\/\/co2-solutions.com\/index.php?rest_route=\/wp\/v2\/pages\/89","targetHints":{"allow":["GET"]}}],"collection":[{"href":"https:\/\/co2-solutions.com\/index.php?rest_route=\/wp\/v2\/pages"}],"about":[{"href":"https:\/\/co2-solutions.com\/index.php?rest_route=\/wp\/v2\/types\/page"}],"author":[{"embeddable":true,"href":"https:\/\/co2-solutions.com\/index.php?rest_route=\/wp\/v2\/users\/2"}],"replies":[{"embeddable":true,"href":"https:\/\/co2-solutions.com\/index.php?rest_route=%2Fwp%2Fv2%2Fcomments&post=89"}],"version-history":[{"count":0,"href":"https:\/\/co2-solutions.com\/index.php?rest_route=\/wp\/v2\/pages\/89\/revisions"}],"wp:attachment":[{"href":"https:\/\/co2-solutions.com\/index.php?rest_route=%2Fwp%2Fv2%2Fmedia&parent=89"}],"curies":[{"name":"wp","href":"https:\/\/api.w.org\/{rel}","templated":true}]}}